 What is the remainder when v is divided by 71?
41
Calculate the remainder when 259 is divided by (-2226)/(-9) + ((-11)/(-3) - 4).
12
Suppose 5*a - 2*d = 92, 54*a - 49*a - 5*d = 80. Suppose 0 = 14*o - a - 568. What is the remainder when 105 is divided by o?
21
Let r be 5 + (-1 - 0) + -24 + 20. Suppose r = 2*k - 128 + 18. What is the remainder when k is divided by -1*(-1 - 12 - 2)?
10
Let n = 190 - 186. Suppose d - 4*o - 53 = 14, -o + 285 = n*d. Calculate the remainder when d is divided by 36.
35
Let y(d) = d**2 + 32*d - 370. Let t be y(9). Let f(l) = 36*l**2 - 11*l - 8. What is the remainder when 974 is divided by f(t)?
38
Suppose -2*w + 5*s + 123 = -143, -2*s - 260 = -2*w. Calculate the remainder when 1532 is divided by w.
124
Let t = 6939 - 4964. What is the remainder when t is divided by 221?
207
What is the remainder when 349 is divided by ((-230)/9)/((-54)/243)?
4
Suppose -19*y = -24889 - 15771. What is the remainder when y is divided by 134?
130
Suppose 4*i - 116 = 20. Suppose 7*k = 2*k + 60. Suppose -k = -r + 6. What is the remainder when i is divided by r?
16
Suppose 3*n - 4 - 38 = 0. Suppose 2*q + 2 = 0, -4*q - 18 = -2*h - 2*q. Let w = h - -60. Calculate the remainder when w is divided by n.
12
Let x(l) = -6*l**2 + 31*l + 45. Let f(b) = 6*b**2 - 29*b - 43. Let d(r) = 7*f(r) + 6*x(r). Calculate the remainder when 168 is divided by d(5).
32
Let d = -19699 + 20425. Calculate the remainder when 727 is divided by d.
1
Let s(l) = -4*l - 27. Suppose 0 = 5*k - 10*k - 45. Suppose -6*u + u + 230 = 4*x, -5*x + 306 = -3*u. Calculate the remainder when x is divided by s(k).
6
Let b = 15 - 11. Suppose b*u = 39 + 53. What is the remainder when u is divided by (-9)/(-6) + 4*7/8?
3
Let r = -341 - -341. Let a be (-29 + 1)*(-2)/4. Let d = a + r. Calculate the remainder when 95 is divided by d.
11
Suppose 0 = -3*l + 2*h + 6, -3*l - 2*l + 4*h + 10 = 0. Let u(v) = 4 - 3*v + 5*v - l*v**2 + v**3 + v. Calculate the remainder when 108 is divided by u(3).
20
Let s be 3*3/(-18)*(6 - 38). Calculate the remainder when 106/14 + s/(-28) is divided by 2 + -1 - -4*1.
2
Suppose 0 = -27*x - 1269 + 3699. Calculate the remainder when 348 is divided by x.
78
Let r(q) = 9*q + 39. Let b be r(-4). Suppose b*h = h + 654. What is the remainder when h is divided by 30?
27
Let h be 4/(-16) + 53/4. Let t = 8 + h. Let d(o) = -o**3 + 47*o**2 - 133*o + 84. Calculate the remainder when d(44) is divided by t.
19
Let h = -13611 + 13644. Let j = -106 + 368. What is the remainder when j is divided by h?
31
Suppose 5*x + 13 = 3*h, 4*h - 27 + 8 = 5*x. Calculate the remainder when 108 is divided by h - 0 - (-9 + 4).
9
Suppose -p = h - 65, 125*p - 6 = 124*p. Calculate the remainder when 582 is divided by h.
51
Suppose 366*l - 363*l = q + 134, 2*l - 3*q = 80. What is the remainder when 389 is divided by l?
21
Let v(k) = -12*k + 14. Calculate the remainder when v(-14) is divided by ((-544)/(-24))/(84/126).
12
Let x be 12/(-10)*(5 + -200). Suppose -4*z = -166 - x. Suppose 10*v - 15*v = -z. What is the remainder when 38 is divided by v?
18
Let c be (66/(-8)*1)/((-3)/(-180)). Let o = c - -498. What is the remainder when 24 is divided by o?
0
What is the remainder when 375 is divided by 2*(-54)/(-8)*2 - (-3300)/550?
12
Let q(i) = 2*i**2 - 3*i - 15. Let x be q(-6). Suppose 5*o = -5*d - 0*d + x, 2*d = 3*o + 30. What is the remainder when 1 + 90/2 - (14 + -11) is divided by d?
13
Let b be (-2)/15 + 377/15 + -1. Suppose -s - 4*s + b = 3*h, 6 = 2*s. Suppose 3 + 7 = 2*w. Calculate the remainder when w is divided by h.
2
Let q = -5 + 1. Let s = -5 - q. Calculate the remainder when 128 is divided by (-2)/((0 - 62/(-66)) + s).
29
Suppose -12*h - 960 = -18*h. Let p = -93 + h. Calculate the remainder when p is divided by (-3)/3 + 5 - 1*-31.
32
Suppose 0 = -9*l - 176 - 49. Calculate the remainder when 37 is divided by 4*((-12)/(-8) - l/20).
4
Suppose 878 = 5*i - 12*f + 13*f, -i - 5*f = -166. Suppose -y - b + 4*b + 43 = 0, -5*b + 185 = 3*y. What is the remainder when i is divided by y?
11
Suppose -i + 3*i = 12. Let j = 83 - 56. Calculate the remainder when i is divided by ((-24)/21)/(j/(-21) - -1).
2
Suppose 0 = 4*w + 3*t - 36 - 15, -4*w - 2*t = -54. Suppose 3*l + 30 = 0, 0 = -5*g + 2*l + 40. What is the remainder when w is divided by g?
3
Suppose -10 = -26*v + 25*v. Let c = -12 + 15. What is the remainder when (15 - 6)*1*v/c is divided by 11?
8
Suppose 4*h = -r - 9, 2*h + 0*h - 5*r - 1 = 0. Let d be h/(-3)*(-225)/(-6). Suppose d = -3*l + 8*l. What is the remainder when 7 is divided by l?
2
Let x(q) = -2*q**2 + 53*q - 36. Let n be (4 - 48/6)/((-12)/69). What is the remainder when x(n) is divided by 20?
5
Let j = 689 + -679. Suppose -2*o + 54 = j. What is the remainder when 659 is divided by o?
21
Let v be (6/9)/((-741)/747 - -1). Suppose -5*m + 297 + v = 0. Let j = 128 - m. Calculate the remainder when j is divided by 11.
8
Let q(g) = -16*g - 1. Suppose -62*x = -62*x - 8*t, -3*x - 3*t = -93. Calculate the remainder when q(-7) is divided by x.
18
Let u(m) = 12*m**2 - m - 1. Let h(l) = l + 6. Let p be h(-4). Let w(g) = 6*g**3 - 10*g**2 - 13*g - 10. Calculate the remainder when u(p) is divided by w(3).
22
Let p(m) = 7*m - 21. Let z(v) = 20*v - 63. Let c(n) = 17*p(n) - 6*z(n). What is the remainder when c(8) is divided by (1/2)/((-1)/(-8))?
1
Let v be 18/2*(12740/(-14))/(-13). Let h = v - 600. What is the remainder when 81 is divided by h?
21
Suppose -9*j + 97 = -6*j + 2*w, -5*j = -4*w - 169. What is the remainder when 163 is divided by 1364/j + (-1)/3?
40
Let z be (9/6 + -2)*(-3 + -3). Suppose -z = 4*a - 23. Suppose -3*x + 2*u - 6 = -x, -3*x + a*u - 19 = 0. Calculate the remainder when 9 is divided by x.
1
Let t be -17*1/3*9. Suppose 2*f + 4*h = -3*f + 606, -3*h - 460 = -4*f. Let g = t + f. What is the remainder when g is divided by 34?
33
Let c(o) = -143*o**3 + 3*o**2 - 16*o - 48. What is the remainder when c(-2) is divided by 44?
40
Let s = 14855 + -14848. Suppose -5*n + 15 = 4*v, -v - 2*v = -5*n - 20. Calculate the remainder when -1 + n + (-68)/(-2) is divided by s.
4
What is the remainder when 32 + (31 - 30)*(-9)/3 is divided by 4?
1
Suppose -8 = 4*g, q + 40*g = 39*g + 93. What is the remainder when 938 is divided by q?
83
Let j = -22028 + 22074. Calculate the remainder when 870 is divided by j.
42
What is the remainder when 41025/10*14/105 is divided by 12?
7
Let d = 6021 + -5296. What is the remainder when d is divided by 120?
5
Suppose 2*g + 3*g = 315. Let m(t) = -t**2 - t + 8. Let p be m(-3). Suppose l + 5 = -4*i, -p*i - i = -5*l + 67. Calculate the remainder when g is divided by l.
8
Suppose -4*s - 368 = 8*h - 5*h, 4*h = -16. Suppose 2*v + 4*p - 182 = 0, 5*v - 2*v - 328 = 5*p. Let l = v + s. Calculate the remainder when 35 is divided by l.
11
Let t(u) = 126*u - 6776. Calculate the remainder when 11003 is divided by t(54).
27
Let j = -12993 + 13009. Suppose x + 296 = 5*x. Calculate the remainder when x is divided by j.
10
Suppose -4*f - 2*z + 150 = 0, 198 = 5*f + 2*z - 3*z. Suppose -1231 = -554*r + 431. Calculate the remainder when f is divided by r.
0
Let b be 413/(-177) + (-1232)/12. Let j = -78 - 24. Let m = j - b. What is the remainder when 4 is divided by m?
1
Suppose 69 = 3*b - 48. Let k = -2961 - -2969. Calculate the remainder when b is divided by k.
7
Let p = 13753 - 8438. Calculate the remainder when p is divided by 20.
15
Suppose 2*g = -43 - 3. Let j be (-25)/(-5) + -1 + g. Let b = j - -43. Calculate the remainder when 237 is divided by b.
21
Suppose 0 = 2*c + 14*c - 640. What is the remainder when 3319 is divided by c?
39
Let u = 6333 - 6269. What is the remainder when u is divided by 34 - (1 - 1)/2?
30
Suppose 40*q - 9283 = -3403. What is the remainder when q is divided by 55?
37
Let w(c) be the third derivative of c**5/30 - 7*c**4/6 + 7*c**3/2 + 16*c**2. What is the remainder when 40 is divided by w(14)?
19
Suppose -5*s + 29*h = 32*h - 7998, 0 = s - 3*h - 1596. Calculate the remainder when s is divided by 178.
175
Let h(q) = -5*q + 5. Suppose -21*d + 1397 - 263 = 0. Suppose 7*u - 93 - d = 0. Calculate the remainder when h(-7) is divided by u.
19
Let q = 50 + 13. Let p(n) = 42*n - 415. Let y be p(10). Suppose -h = o - 187, y*h = 5*o - 268 + 1163. What is the remainder when h is divided by 